{"id":3,"date":"2023-11-10T12:31:56","date_gmt":"2023-11-10T11:31:56","guid":{"rendered":"https:\/\/lacentral1897.com\/blog\/?page_id=3"},"modified":"2023-12-04T10:54:00","modified_gmt":"2023-12-04T09:54:00","slug":"politica-privacidad","status":"publish","type":"page","link":"https:\/\/lacentral1897.com\/blog\/politica-privacidad\/","title":{"rendered":"Pol\u00edtica de privacidad"},"content":{"rendered":"\n<p>Cuando el usuario facilita sus Datos de Car\u00e1cter Personal utilizando nuestros formularios o e-mails de contacto, est\u00e1 dando su consentimiento para que se traten sus datos personales siguiendo el Reglamento General de Protecci\u00f3n de Datos de la Uni\u00f3n Europea (UE 2016\/679 GDPR), y pasen a formar parte de un fichero responsabilidad de VENAEXPRESARTE S.L. con la finalidad de enviarle informaci\u00f3n sobre los productos y\/o servicios de VENAEXPRESARTE S.L. cuya legitimaci\u00f3n consiste en el consentimiento del interesado y el inter\u00e9s leg\u00edtimo del responsable. Como interesado tiene derecho de acceso, rectificaci\u00f3n, supresi\u00f3n, oposici\u00f3n, limitaci\u00f3n del tratamiento y portabilidad de sus datos mediante los formularios que pueden ser solicitados por e-mail a info@venaexpresarte.com o utilizar los elaborados por la Agencia Espa\u00f1ola de Protecci\u00f3n de Datos, debiendo ir firmados electr\u00f3nicamente o acompa\u00f1ados de fotocopia del DNI. Los datos proceden del propio interesado al enviar formularios o e-mails de contacto. Puede consultar informaci\u00f3n adicional y detallada sobre Protecci\u00f3n de Datos en nuestra p\u00e1gina web www.venaexpresarte.com<\/p>\n\n\n\n<h3 class=\"wp-block-heading\">Nota importante sobre el tratamiento de datos y Google Analytics<\/h3>\n\n\n\n<p>Esta p\u00e1gina web utiliza Google Analytics, un servicio de an\u00e1lisis web de Google Ireland Limited. En caso de que el responsable del tratamiento de datos sobre esta p\u00e1gina web resida en un pa\u00eds fuera del Espacio Econ\u00f3mico Europeo o Suiza, el tratamiento de datos de Google Analytics se realiza a trav\u00e9s de Google LLC. Google LLC y Google Ireland Limited ser\u00e1n referidos en lo sucesivo como \u201cGoogle\u201d.<\/p>\n\n\n\n<p>Google Analytics utiliza las llamadas \u201cCookies\u201d, archivos de texto que se almacenan en el dispositivo del visitante de la p\u00e1gina y que posibilitan un an\u00e1lisis del uso de la p\u00e1gina web del visitante. La informaci\u00f3n generada por la Cookie sobre el uso de esta p\u00e1gina web (incluyendo la direcci\u00f3n IP acortada) se transmite y se almacena normalmente por Google.<\/p>\n\n\n\n<p>Google Analytics se utiliza en esta p\u00e1gina web \u00fanicamente con la extensi\u00f3n &#8220;_anonymizeIp()&#8221;. Esta extensi\u00f3n asegura la anonimizaci\u00f3n de la direcci\u00f3n IP mediante el acortamiento y excluye cualquier referencia personal directa. Mediante la extensi\u00f3n, la direcci\u00f3n IP del visitante es acortada previamente por Google dentro de los pa\u00edses miembros de la Uni\u00f3n Europea o en otros pa\u00edses parte del acuerdo del Espacio Econ\u00f3mico Europeo. Solo en casos excepcionales se transmite la direcci\u00f3n IP completa a un servidor de Google en EE.UU. y, una vez all\u00ed, es acortada. La direcci\u00f3n IP transmitida por el navegador correspondiente, en el marco de las acciones de Google Analytics, no se combina con otros datos de Google.<\/p>\n\n\n\n<p>En nombre del due\u00f1o de la p\u00e1gina, Google utilizar\u00e1 la informaci\u00f3n generada para analizar el uso de la p\u00e1gina, realizar informes sobre las actividades de la p\u00e1gina web y para llevar a cabo otros servicios relacionados con el uso de Internet o de la p\u00e1gina web para el due\u00f1o de la p\u00e1gina (Art. 6 apart. 1 letra f RGPD). El inter\u00e9s leg\u00edtimo del tratamiento de datos radica en la optimizaci\u00f3n de la p\u00e1gina web, el an\u00e1lisis del uso de la p\u00e1gina web y la adaptaci\u00f3n del contenido. Los intereses del usuario est\u00e1n garantizados adecuadamente mediante la pseudominizaci\u00f3n de sus datos.<\/p>\n\n\n\n<p>Google LLC garantiza el mantenimiento de un nivel adecuado de protecci\u00f3n de datos en base a las cl\u00e1usulas contractuales est\u00e1ndares europeas. La informaci\u00f3n enviada y vinculada a las cookies de Google Analyticas, p.ej., las ID de usuarios o los identificadores de publicidad se eliminar\u00e1n autom\u00e1ticamente tras 50 meses. La supresi\u00f3n de los datos que alcanzan su per\u00edodo de retenci\u00f3n se realiza de manera autom\u00e1tica una vez al mes.<\/p>\n\n\n\n<p>El visitante de la p\u00e1gina web puede rechazar el uso de cookies configurando los ajustes correspondientes en su navegador. Asimismo, el visitante puede impedir la recopilaci\u00f3n de informaci\u00f3n mediante cookies (incluida su direcci\u00f3n IP) y su procesamiento descargando e instalando el siguiente plugin en su navegador: http:\/\/tools.google.com\/dlpage\/gaoptout<\/p>\n\n\n\n<p>El visitante de la p\u00e1gina puede desactivar el uso de datos de Google Analytics haciendo clic en este enlace.<\/p>\n\n\n\n<p>A continuaci\u00f3n, se activar\u00e1 una Opt-Out-Cookie que bloquear\u00e1 el uso de sus datos al visitar esta p\u00e1gina web.<\/p>\n\n\n\n<p>M\u00e1s informaci\u00f3n sobre el uso de datos por Google, las opciones de configuraci\u00f3n y anulaci\u00f3n se puede encontrar en la Pol\u00edtica de Privacidad de Google (https:\/\/policies.google.com\/privacy?hl=es), as\u00ed como en los Ajustes para la publicidad de Google(https:\/\/adssettings.google.com\/authenticated).<\/p>\n\n\n\n<h3 class=\"wp-block-heading\">reCAPTCHA<\/h3>\n\n\n\n<p>Utilizamos el servicio reCAPTCHA de Google LLC (Google) para proteger los datos enviados a trav\u00e9s de los formularios de las p\u00e1ginas de nuestros usuarios. Este servicio permite diferenciar los datos enviados por personas de los mensajes automatizados y supone la transmisi\u00f3n de la direcci\u00f3n IP y otros datos requeridos por Google para el uso del servicio reCAPTCHA. Con tal finalidad, los datos ser\u00e1n transmitidos a Google para poder ser utilizados. La direcci\u00f3n IP ser\u00e1 encriptada por Google en los estados miembros de la Uni\u00f3n Europea as\u00ed como en los estados asociados al espacio econ\u00f3mico europeo. Solo en algunos casos excepcionales, las direcciones IP ser\u00e1n transmitidas al servidor de Google en los Estados Unidos para su encriptaci\u00f3n. En nombre del propietario de este sitio web, Google va a utilizar estas informaciones para evaluar el uso del servicio por parte de los usuarios. La direcci\u00f3n IP transmitida por reCAPTCHA se mantendr\u00e1 separada de otros datos de Google. Para estos datos es v\u00e1lida la pol\u00edtica de privacidad de Google. Todos los detalles acerca de la pol\u00edtica de privacidad de Google se pueden leer en la p\u00e1gina https:\/\/policies.google.com\/privacy?hl=es<\/p>\n\n\n\n<p>Al utilizar el servicio reCAPTCHA, el usuario consiente el tratamiento de los datos sobre \u00e9l de los que Google dispone en la forma y prop\u00f3sitos arriba establecidos.<\/p>\n","protected":false},"excerpt":{"rendered":"<p>Cuando el usuario facilita sus Datos de Car\u00e1cter Personal utilizando nuestros formularios o e-mails de contacto, est\u00e1 dando su consentimiento para que se traten sus datos personales siguiendo el Reglamento General de Protecci\u00f3n de Datos de la Uni\u00f3n Europea (UE 2016\/679 GDPR), y pasen a formar parte de un fichero responsabilidad de VENAEXPRESARTE S.L. con [&hellip;]<\/p>\n","protected":false},"author":1,"featured_media":0,"parent":0,"menu_order":0,"comment_status":"closed","ping_status":"closed","template":"","meta":{"footnotes":""},"class_list":["post-3","page","type-page","status-publish","hentry"],"yoast_head":"<!-- This site is optimized with the Yoast SEO plugin v21.7 - https:\/\/yoast.com\/wordpress\/plugins\/seo\/ -->\n<title>Pol\u00edtica de privacidad - La Central 1897<\/title>\n<meta name=\"robots\" content=\"index, follow, max-snippet:-1, max-image-preview:large, max-video-preview:-1\" \/>\n<link rel=\"canonical\" href=\"https:\/\/lacentral1897.com\/blog\/politica-privacidad\/\" \/>\n<meta property=\"og:locale\" content=\"es_ES\" \/>\n<meta property=\"og:type\" content=\"article\" \/>\n<meta property=\"og:title\" content=\"Pol\u00edtica de privacidad - La Central 1897\" \/>\n<meta property=\"og:description\" content=\"Cuando el usuario facilita sus Datos de Car\u00e1cter Personal utilizando nuestros formularios o e-mails de contacto, est\u00e1 dando su consentimiento para que se traten sus datos personales siguiendo el Reglamento General de Protecci\u00f3n de Datos de la Uni\u00f3n Europea (UE 2016\/679 GDPR), y pasen a formar parte de un fichero responsabilidad de VENAEXPRESARTE S.L. con [&hellip;]\" \/>\n<meta property=\"og:url\" content=\"https:\/\/lacentral1897.com\/blog\/politica-privacidad\/\" \/>\n<meta property=\"og:site_name\" content=\"La Central 1897\" \/>\n<meta property=\"article:publisher\" content=\"https:\/\/www.facebook.com\/lacentral1897\/\" \/>\n<meta property=\"article:modified_time\" content=\"2023-12-04T09:54:00+00:00\" \/>\n<meta name=\"twitter:card\" content=\"summary_large_image\" \/>\n<meta name=\"twitter:label1\" content=\"Tiempo de lectura\" \/>\n\t<meta name=\"twitter:data1\" content=\"5 minutos\" \/>\n<script type=\"application\/ld+json\" class=\"yoast-schema-graph\">{\"@context\":\"https:\/\/schema.org\",\"@graph\":[{\"@type\":\"WebPage\",\"@id\":\"https:\/\/lacentral1897.com\/blog\/politica-privacidad\/\",\"url\":\"https:\/\/lacentral1897.com\/blog\/politica-privacidad\/\",\"name\":\"Pol\u00edtica de privacidad - La Central 1897\",\"isPartOf\":{\"@id\":\"https:\/\/lacentral1897.com\/blog\/#website\"},\"datePublished\":\"2023-11-10T11:31:56+00:00\",\"dateModified\":\"2023-12-04T09:54:00+00:00\",\"breadcrumb\":{\"@id\":\"https:\/\/lacentral1897.com\/blog\/politica-privacidad\/#breadcrumb\"},\"inLanguage\":\"es\",\"potentialAction\":[{\"@type\":\"ReadAction\",\"target\":[\"https:\/\/lacentral1897.com\/blog\/politica-privacidad\/\"]}]},{\"@type\":\"BreadcrumbList\",\"@id\":\"https:\/\/lacentral1897.com\/blog\/politica-privacidad\/#breadcrumb\",\"itemListElement\":[{\"@type\":\"ListItem\",\"position\":1,\"name\":\"Portada\",\"item\":\"https:\/\/lacentral1897.com\/blog\/\"},{\"@type\":\"ListItem\",\"position\":2,\"name\":\"Pol\u00edtica de privacidad\"}]},{\"@type\":\"WebSite\",\"@id\":\"https:\/\/lacentral1897.com\/blog\/#website\",\"url\":\"https:\/\/lacentral1897.com\/blog\/\",\"name\":\"La Central 1897\",\"description\":\"\",\"publisher\":{\"@id\":\"https:\/\/lacentral1897.com\/blog\/#organization\"},\"potentialAction\":[{\"@type\":\"SearchAction\",\"target\":{\"@type\":\"EntryPoint\",\"urlTemplate\":\"https:\/\/lacentral1897.com\/blog\/?s={search_term_string}\"},\"query-input\":\"required name=search_term_string\"}],\"inLanguage\":\"es\"},{\"@type\":\"Organization\",\"@id\":\"https:\/\/lacentral1897.com\/blog\/#organization\",\"name\":\"La Central 1897\",\"url\":\"https:\/\/lacentral1897.com\/blog\/\",\"logo\":{\"@type\":\"ImageObject\",\"inLanguage\":\"es\",\"@id\":\"https:\/\/lacentral1897.com\/blog\/#\/schema\/logo\/image\/\",\"url\":\"https:\/\/lacentral1897.com\/blog\/wp-content\/uploads\/2023\/11\/logo-1689857245.png\",\"contentUrl\":\"https:\/\/lacentral1897.com\/blog\/wp-content\/uploads\/2023\/11\/logo-1689857245.png\",\"width\":227,\"height\":104,\"caption\":\"La Central 1897\"},\"image\":{\"@id\":\"https:\/\/lacentral1897.com\/blog\/#\/schema\/logo\/image\/\"},\"sameAs\":[\"https:\/\/www.facebook.com\/lacentral1897\/\"]}]}<\/script>\n<!-- \/ Yoast SEO plugin. -->","yoast_head_json":{"title":"Pol\u00edtica de privacidad - La Central 1897","robots":{"index":"index","follow":"follow","max-snippet":"max-snippet:-1","max-image-preview":"max-image-preview:large","max-video-preview":"max-video-preview:-1"},"canonical":"https:\/\/lacentral1897.com\/blog\/politica-privacidad\/","og_locale":"es_ES","og_type":"article","og_title":"Pol\u00edtica de privacidad - La Central 1897","og_description":"Cuando el usuario facilita sus Datos de Car\u00e1cter Personal utilizando nuestros formularios o e-mails de contacto, est\u00e1 dando su consentimiento para que se traten sus datos personales siguiendo el Reglamento General de Protecci\u00f3n de Datos de la Uni\u00f3n Europea (UE 2016\/679 GDPR), y pasen a formar parte de un fichero responsabilidad de VENAEXPRESARTE S.L. con [&hellip;]","og_url":"https:\/\/lacentral1897.com\/blog\/politica-privacidad\/","og_site_name":"La Central 1897","article_publisher":"https:\/\/www.facebook.com\/lacentral1897\/","article_modified_time":"2023-12-04T09:54:00+00:00","twitter_card":"summary_large_image","twitter_misc":{"Tiempo de lectura":"5 minutos"},"schema":{"@context":"https:\/\/schema.org","@graph":[{"@type":"WebPage","@id":"https:\/\/lacentral1897.com\/blog\/politica-privacidad\/","url":"https:\/\/lacentral1897.com\/blog\/politica-privacidad\/","name":"Pol\u00edtica de privacidad - La Central 1897","isPartOf":{"@id":"https:\/\/lacentral1897.com\/blog\/#website"},"datePublished":"2023-11-10T11:31:56+00:00","dateModified":"2023-12-04T09:54:00+00:00","breadcrumb":{"@id":"https:\/\/lacentral1897.com\/blog\/politica-privacidad\/#breadcrumb"},"inLanguage":"es","potentialAction":[{"@type":"ReadAction","target":["https:\/\/lacentral1897.com\/blog\/politica-privacidad\/"]}]},{"@type":"BreadcrumbList","@id":"https:\/\/lacentral1897.com\/blog\/politica-privacidad\/#breadcrumb","itemListElement":[{"@type":"ListItem","position":1,"name":"Portada","item":"https:\/\/lacentral1897.com\/blog\/"},{"@type":"ListItem","position":2,"name":"Pol\u00edtica de privacidad"}]},{"@type":"WebSite","@id":"https:\/\/lacentral1897.com\/blog\/#website","url":"https:\/\/lacentral1897.com\/blog\/","name":"La Central 1897","description":"","publisher":{"@id":"https:\/\/lacentral1897.com\/blog\/#organization"},"potentialAction":[{"@type":"SearchAction","target":{"@type":"EntryPoint","urlTemplate":"https:\/\/lacentral1897.com\/blog\/?s={search_term_string}"},"query-input":"required name=search_term_string"}],"inLanguage":"es"},{"@type":"Organization","@id":"https:\/\/lacentral1897.com\/blog\/#organization","name":"La Central 1897","url":"https:\/\/lacentral1897.com\/blog\/","logo":{"@type":"ImageObject","inLanguage":"es","@id":"https:\/\/lacentral1897.com\/blog\/#\/schema\/logo\/image\/","url":"https:\/\/lacentral1897.com\/blog\/wp-content\/uploads\/2023\/11\/logo-1689857245.png","contentUrl":"https:\/\/lacentral1897.com\/blog\/wp-content\/uploads\/2023\/11\/logo-1689857245.png","width":227,"height":104,"caption":"La Central 1897"},"image":{"@id":"https:\/\/lacentral1897.com\/blog\/#\/schema\/logo\/image\/"},"sameAs":["https:\/\/www.facebook.com\/lacentral1897\/"]}]}},"_links":{"self":[{"href":"https:\/\/lacentral1897.com\/blog\/wp-json\/wp\/v2\/pages\/3","targetHints":{"allow":["GET"]}}],"collection":[{"href":"https:\/\/lacentral1897.com\/blog\/wp-json\/wp\/v2\/pages"}],"about":[{"href":"https:\/\/lacentral1897.com\/blog\/wp-json\/wp\/v2\/types\/page"}],"author":[{"embeddable":true,"href":"https:\/\/lacentral1897.com\/blog\/wp-json\/wp\/v2\/users\/1"}],"replies":[{"embeddable":true,"href":"https:\/\/lacentral1897.com\/blog\/wp-json\/wp\/v2\/comments?post=3"}],"version-history":[{"count":2,"href":"https:\/\/lacentral1897.com\/blog\/wp-json\/wp\/v2\/pages\/3\/revisions"}],"predecessor-version":[{"id":531,"href":"https:\/\/lacentral1897.com\/blog\/wp-json\/wp\/v2\/pages\/3\/revisions\/531"}],"wp:attachment":[{"href":"https:\/\/lacentral1897.com\/blog\/wp-json\/wp\/v2\/media?parent=3"}],"curies":[{"name":"wp","href":"https:\/\/api.w.org\/{rel}","templated":true}]}}